{"id":76,"date":"2016-01-16T17:38:08","date_gmt":"2016-01-16T16:38:08","guid":{"rendered":"http:\/\/192.168.220.140\/o-nas\/misja-i-aktywnosci-pta\/"},"modified":"2021-03-03T12:23:17","modified_gmt":"2021-03-03T11:23:17","slug":"misja-i-aktywnosci-pta","status":"publish","type":"page","link":"https:\/\/old.pta.med.pl\/?page_id=76","title":{"rendered":"Misja i aktywno\u015bci PTA"},"content":{"rendered":"<div class=\"fusion-fullwidth fullwidth-box fusion-builder-row-1 nonhundred-percent-fullwidth non-hundred-percent-height-scrolling\" style=\"background-color: rgba(255,255,255,0);background-position: center center;background-repeat: no-repeat;padding-top:0px;padding-right:0px;padding-bottom:0px;padding-left:0px;margin-bottom: 0px;margin-top: 0px;border-width: 0px 0px 0px 0px;border-color:#eae9e9;border-style:solid;\" ><div class=\"fusion-builder-row fusion-row\"><div class=\"fusion-layout-column fusion_builder_column fusion-builder-column-0 fusion_builder_column_1_1 1_1 fusion-one-full fusion-column-first fusion-column-last\" style=\"margin-top:0px;margin-bottom:20px;\"><div class=\"fusion-column-wrapper fusion-flex-column-wrapper-legacy\" style=\"background-position:left top;background-repeat:no-repeat;-webkit-background-size:cover;-moz-background-size:cover;-o-background-size:cover;background-size:cover;padding: 0px 0px 0px 0px;\"><div class=\"fusion-text fusion-text-1\"><p><strong>Misja PTA opiera si\u0119 na podstawowych celach dzia\u0142ania, do kt\u00f3rych nale\u017c\u0105:<br \/>\n<\/strong><\/p>\n<ul>\n<li>Zrzeszanie os\u00f3b, kt\u00f3rych przedmiotem dzia\u0142ania lub zainteresowania jest alergologia do\u015bwiadczalna i kliniczna oraz dziedziny pokrewne,<\/li>\n<li>reprezentowanie polskiej alergologii w kraju i za granic\u0105,<\/li>\n<li>upowszechnianie wiedzy na temat alergologii w spo\u0142ecze\u0144stwie, w szczeg\u00f3lno\u015bci w \u015brodowisku student\u00f3w medycyny, lekarzy, \u015bredniego personelu medycznego i pracownik\u00f3w technicznych,<\/li>\n<li>udzia\u0142 w doskonaleniu zawodowym lekarzy w dziedzinie alergologii,<\/li>\n<li>wsp\u00f3\u0142praca z organami administracji pa\u0144stwowej, samorz\u0105dami zawodowymi oraz stowarzyszeniami w celu zapewnienia w\u0142a\u015bciwego poziomu lecznictwa w dziedzinie alergologii w Polsce,<\/li>\n<li>organizowanie i popieranie bada\u0144, i prac naukowych w zakresie alergologii do\u015bwiadczalnej i klinicznej, jak r\u00f3wnie\u017c wsp\u00f3\u0142praca w tym zakresie z innymi instytucjami i stowarzyszeniami,<\/li>\n<li>prowadzenie i wspieranie r\u00f3\u017cnych form dzia\u0142alno\u015bci szkoleniowej i edukacyjnej, podejmowanej na rzecz przedstawicieli \u015brodowiska medycznego i \u015brodowisk pokrewnych, dla rozszerzania wiedzy i praktycznych umiej\u0119tno\u015bci w zakresie alergologii.<\/li>\n<\/ul>\n<p><strong>Aktywno\u015bci dzi\u0119ki kt\u00f3rym PTA realizuj\u0119 swoje cele:<br \/>\n<\/strong><\/p>\n<ul>\n<li>Inicjowanie bada\u0144 naukowych z zakresu epidemiologii, etiopatogenezy, diagnostyki, profilaktyki, leczenia i farmakoekonomiki chor\u00f3b alergicznych,<\/li>\n<li>wyst\u0105pienia do w\u0142a\u015bciwych w\u0142adz w sprawach organizacji program\u00f3w zapobiegania i zwalczania chor\u00f3b alergicznych w Polsce,<\/li>\n<li>delegowanie swych przedstawicieli do organ\u00f3w powo\u0142ywanych na mocy obowi\u0105zuj\u0105cego prawa,<\/li>\n<li>organizacj\u0119 publicznych odczyt\u00f3w, szkole\u0144, kurs\u00f3w, wyk\u0142ad\u00f3w, posiedze\u0144 naukowych zjazd\u00f3w, sympozj\u00f3w, konferencji, kongres\u00f3w naukowych oraz innych form upowszechniania wiedzy na temat alergologii do\u015bwiadczalnej i klinicznej,<\/li>\n<li>opracowywanie program\u00f3w kszta\u0142cenia i doskonalenia zawodowego lekarzy i piel\u0119gniarek w zakresie alergologii,<\/li>\n<li>aktywne wspieranie r\u00f3\u017cnych form doskonalenia zawodowego pracownik\u00f3w medycznych, w szczeg\u00f3lno\u015bci lekarzy alergolog\u00f3w,<\/li>\n<li>wsp\u00f3\u0142prac\u0119 z krajowymi i zagranicznymi instytucjami naukowymi, plac\u00f3wkami s\u0142u\u017cby zdrowia i pokrewnymi towarzystwami, kt\u00f3re s\u0105 zainteresowane problematyk\u0105 zwalczania chor\u00f3b alergicznych,<\/li>\n<li>prowadzenie dzia\u0142alno\u015bci wydawniczej, zgodnie z obowi\u0105zuj\u0105cymi przepisami w tym zakresie,<\/li>\n<li>subwencjonowanie bada\u0144 naukowych z zakresu alergologii do\u015bwiadczalnej i klinicznej, w miar\u0119 posiadanych \u015brodk\u00f3w,<\/li>\n<li>fundowanie nagr\u00f3d i stypendi\u00f3w dla wyr\u00f3\u017cniaj\u0105cych si\u0119 w dzia\u0142alno\u015bci naukowej m\u0142odszych cz\u0142onk\u00f3w Towarzystwa, w szczeg\u00f3lno\u015bci za obronione prace doktorskie lub opublikowane prace oryginalne,<\/li>\n<li>przyznawanie godno\u015bci cz\u0142onka honorowego Towarzystwa, nadawanie medalu \u201eZas\u0142u\u017cony w rozwoju polskiej alergologii\u201d, jak r\u00f3wnie\u017c wyst\u0119powanie z wnioskami o nadanie odznacze\u0144 pa\u0144stwowych osobom o wybitnych zas\u0142ugach dla rozwoju polskiej alergologii,<\/li>\n<li>powo\u0142ywanie sekcji problemowych, grup roboczych i grup zainteresowa\u0144 do realizacji zleconych zda\u0144,<\/li>\n<li>opracowywanie, upowszechnianie i uaktualnianie standard\u00f3w diagnostyczno-leczniczych w alergologii.<\/li>\n<\/ul>\n<\/div><div class=\"fusion-clearfix\"><\/div><\/div><\/div><\/div><\/div>\n","protected":false},"excerpt":{"rendered":"","protected":false},"author":2,"featured_media":0,"parent":31,"menu_order":40,"comment_status":"closed","ping_status":"closed","template":"","meta":{"ngg_post_thumbnail":0},"_links":{"self":[{"href":"https:\/\/old.pta.med.pl\/index.php?rest_route=\/wp\/v2\/pages\/76"}],"collection":[{"href":"https:\/\/old.pta.med.pl\/index.php?rest_route=\/wp\/v2\/pages"}],"about":[{"href":"https:\/\/old.pta.med.pl\/index.php?rest_route=\/wp\/v2\/types\/page"}],"author":[{"embeddable":true,"href":"https:\/\/old.pta.med.pl\/index.php?rest_route=\/wp\/v2\/users\/2"}],"replies":[{"embeddable":true,"href":"https:\/\/old.pta.med.pl\/index.php?rest_route=%2Fwp%2Fv2%2Fcomments&post=76"}],"version-history":[{"count":7,"href":"https:\/\/old.pta.med.pl\/index.php?rest_route=\/wp\/v2\/pages\/76\/revisions"}],"predecessor-version":[{"id":13319,"href":"https:\/\/old.pta.med.pl\/index.php?rest_route=\/wp\/v2\/pages\/76\/revisions\/13319"}],"up":[{"embeddable":true,"href":"https:\/\/old.pta.med.pl\/index.php?rest_route=\/wp\/v2\/pages\/31"}],"wp:attachment":[{"href":"https:\/\/old.pta.med.pl\/index.php?rest_route=%2Fwp%2Fv2%2Fmedia&parent=76"}],"curies":[{"name":"wp","href":"https:\/\/api.w.org\/{rel}","templated":true}]}}